-n**6/120 + n**5/12 - n**4/24 - 3*n**3/2 + 3*n**2 + 178*n + 3. What is k(3)?
6
Let q(y) = y**2 - y + 7. Let k be -3 + 5 + -12 + 13. Suppose -6*u = -3*u + k*u. Give q(u).
7
Let u(a) = a**2 + 3*a - 38. Suppose -571*c + 572*c - 9 = 2*s, -7 = c. Calculate u(s).
2
Let y = -140 - -150. Let i be ((-150)/(-125))/((-3)/y). Let a(n) = -3*n + 3. What is a(i)?
15
Let n(g) = 2*g**2 - g + 1. Suppose -3*a + 4*j = -16 - 16, 5*a = -j + 38. Let p = -3371 - -3375. Suppose -r - 2*o = -5*o + 5, p*o = a. Calculate n(r).
2
Let l(g) be the first derivative of -g**4/4 - 7*g**3/3 + 9*g**2/2 + 5*g + 15. Let c be l(-8). Let i(j) = -j**2. Determine i(c).
-9
Suppose m = 3*o - 19, -4*m - 2*o + 6*o = 20. Suppose 0 = -3*r + 12, -2*g = -r - 0 + 2. Let f(u) = 3*u + 0*u + 0*u - 4*u - g. Give f(m).
-3
Suppose -34 = -4*m - 2*s, 603*s = -3*m + 607*s + 9. Let w(p) = -p**3 + 7*p**2 - 3*p. Calculate w(m).
-21
Suppose f - 7*f = -12. Let r be (18/8)/(f/24*3). Let y(u) = -u**2 + 9*u. Give y(r).
0
Let x(w) = -8*w - 17. Let v(l) = 26*l + 60. Let m(k) = 2*v(k) + 7*x(k). Let u = 2 - 3. Give m(u).
5
Let p(f) = -2*f + 34. Let x(z) = -4*z + 8 + 12 - 4 + 3*z + 0*z. Let a(l) = -6*p(l) + 13*x(l). Let j = 16 - 10. What is a(j)?
-2
Let t(i) = -7*i - 8. Let l(u) = 22*u + 9 - 6*u - 8*u. Let d(g) = 5*l(g) + 6*t(g). Let m(k) = k + 7. Let b be m(-10). Give d(b).
3
Let y(m) be the first derivative of 25*m**3/3 - 12550. Determine y(-1).
25
Let h(a) = 35*a - 15. Let c(i) be the third derivative of -17*i**4/24 + 7*i**3/6 - 3*i**2 - 3*i. Let p(y) = -13*c(y) - 6*h(y). Give p(1).
10
Let t(b) = -b**2 - 10*b + 62. Let z be (-93)/6 - ((-9 - -5) + 7/2). Give t(z).
-13
Let c(a) = a**2 + 2*a - 1. Let q = -143 - -140. Let o(p) = 2*p**2 - 2. Let y(v) = q*c(v) + o(v). What is y(-6)?
1
Let x(c) be the second derivative of -c**4/12 - 2*c**3 - 3*c**2/2 - 221*c. Calculate x(-8).
29
Let p(c) = 4*c**3 + c**2 + c + 2. Let u(k) = 2*k**2 + k - 1. Suppose -15 = -5*v - 5*s, -2*v - 6 - 2 = -5*s. Let h(f) = v*p(f) + u(f). Calculate h(-2).
-23
Let z(k) = -1642*k + 6574. Let d be z(4). Let y(a) = a**3 + 4*a - 7*a**2 + 4*a + 2 - 2*a. Calculate y(d).
2
Let t(n) = -28*n**2 - 53*n - 7. Let h(d) = 10*d**2 + 19*d + 2. Let x(z) = -17*h(z) - 6*t(z). Give x(0).
8
Suppose 0 = 33*h + 6*h - 10101. Let s(d) = 253*d**3 - 766*d**3 + 18*d + 253*d**3 - 17*d**2 + h*d**3 + 2. Determine s(-18).
2
Let t(l) = -10*l - 5 + 15 - 7*l**2 + 8*l**2. Let y be -2*9/(-6) + 1 + 3. Give t(y).
-11
Let z = 419 + -415. Suppose j - 5 + 37 = 4*h, 24 = z*h + j. Let g(t) = 2*t - 4. Determine g(h).
10
Let l(q) = q**3 + 17*q**2 + 43*q + 16. Suppose -91*u - 252 = -73*u. Give l(u).
2
Let j(m) = -m - 1. Let l(t) = 12*t + 33. Let k be l(5). Let c = k + -81. Suppose -g = c - 3. Give j(g).
8
Let d be 64/(-432)*39 - 4/18. Let x(w) be the third derivative of -1/24*w**4 + 0*w - 4*w**2 + 0 + 1/6*w**3. What is x(d)?
7
Let h(y) = y + 1. Let n(f) = -5 - 3*f + 2*f + 3. Let v(q) = -4*h(q) - 2*n(q). Suppose -280*c + 109 - 100 + 139 = -317*c. Calculate v(c).
8
Let y(n) = n**3 - 10*n**2 + 12*n - 27. Let r be y(9). Suppose -6*g + 0 + 0 = r. Let z(w) = w**2 - 12. What is z(g)?
-12
Let f(p) = -p**2 + 11*p + 5. Let z = -2454 - -2462. Calculate f(z).
29
Suppose -4*x + 20 = -2*a - 2*a, 1 = -2*a - x. Let k(i) = -i**3 - 4*i**2 - 3*i - 2. Let h(v) = 2*v**2 + 706*v - 1 - 706*v. Let c(y) = -h(y) - k(y). Give c(a).
-3
Let a(n) be the third derivative of n**5/30 - 17*n**4/24 + 2*n**3/3 + 4391*n**2. What is a(8)?
-4
Let h(i) = -3*i**2 + 3*i + 5. Let k(b) = 5*b**2 - 6*b - 9. Let y(r) = -11*h(r) - 6*k(r). What is y(1)?
5
Let c(k) = -k - 8. Let x be c(-5). Let h(n) be the first derivative of 1/2*n**2 - 3*n - 94. Determine h(x).
-6
Let j(t) = 365*t - 6 + t**3 - 356*t + 0*t**2 + 20 + 9*t**2 - 2. What is j(-8)?
4
Let t(n) = n**3 - 9*n**2 - 9*n - 3. Suppose 30 = -3*m + 3*x, -m + 4*x - 9*x = -2. Let l = m - -18. Calculate t(l).
7
Let s(q) = -q**3 - q - 9. Let g be (-15)/(-5) + (-5)/1. Let v(p) = 2*p**2 + 4*p + 3. Let k be v(g). Suppose j + 1 + 2 = -2*f, -j - k = -4*f. Determine s(f).
-9
Let x(q) = 2*q - 73. Let y(z) = -20*z - 515. Let v be y(-27). What is x(v)?
-23
Suppose -40 = -4*r - 2*k, 5*r + 13*k - 10*k = 57. Let o(p) be the third derivative of p**6/120 - p**5/20 + p**4/8 + p**3/2 - p**2. Calculate o(r).
12
Let b(z) be the third derivative of 125*z**2 - 5/6*z**3 - 1/24*z**4 + 1 + 0*z. Suppose k = 5*k - 24. What is b(k)?
-11
Let p(u) be the third derivative of u**5/30 - 7*u**4/24 + 2*u**3/3 - 4*u**2 + 30*u. What is p(6)?
34
Suppose -29*f - 30 = -35*f. Let l(b) = -10*b - 4*b**3 - b**2 - 3 + 0*b + 9*b**2 + f*b**3. Determine l(-9).
6
Suppose -2*y + 41 = -5*v + 20, 0 = v + 3. Suppose 4*o + 28 = 3*r + r, -7 = -3*r - 4*o. Let s(d) = 6*d**3 - 7*d**3 + 1 - 2 - 3*d - 3 + r*d**2. Give s(y).
5
Suppose -d + 10 = 2*a + 3*a, -3*d = a - 2. Let x(h) = -h**3 + 2*h + d + h**2 - 5*h**2 - 8 + 6. Suppose -5*s - 5 = z + 3*z, 4*z + 11 = -3*s. What is x(z)?
13
Let v(p) be the first derivative of -13*p - 18 - 1/2*p**2. Calculate v(-12).
-1
Let p(s) = -2*s**3 - 78*s**2 - 75*s + 68. Let z be p(-38). Let f(a) = 2*a**3 - 60*a**2 - 4. Determine f(z).
-4
Let l(k) = 91*k**2 - k + 2. Let x(i) = 61*i**2 - 2*i + 1. Let b(v) = 2*l(v) - 3*x(v). Let n(w) = w**2 - 12*w - 10. Let g be n(13). What is b(g)?
4
Let x(l) = -l**2 - 13*l + 2. Let z(s) = -3*s**2 - 71*s - 59. Let p(h) = 4*x(h) - z(h). Give p(-3).
1
Let p(a) = a**2 - 11*a + 18. Let g(t) be the second derivative of t**3/6 - t**2 - 177*t. Let i(c) = 6*g(c) + p(c). Let m be 26/4 + 1/(-2). Determine i(m).
12
Let v(j) = j**3 + 7*j**2 + 4. Suppose -k + 2*k = 4*g + 19, 5*k + 5*g = 20. Let h be k/(5 - (7 + -1)). What is v(h)?
4
Let d(u) = 4*u**2 - 14*u + 17. Let k be d(2). Let y(z) = -z**3 + 8*z**2 - 4*z - 4. Calculate y(k).
51
Let q(c) = 20*c - 2*c**2 - c**2 - 26 - 8*c**2. Let k(m) = 4*m**2 - 7*m + 9. Suppose 2632 = 20*p + 2572. Let j(o) = p*q(o) + 8*k(o). Calculate j(4).
-6
Let z(m) = m**2 - 9*m - 47. Let u be z(13). Let j(p) = 8*p + 9. Let c(f) = -2*f - 1. Let i(n) = 6*c(n) + j(n). Give i(u).
-17
Suppose -18*g + 29*g - 88 = 0. Suppose -g*u - 29*u - 222 = 0. Let h(z) = -z**3 - 5*z**2 + 5*z + 3. What is h(u)?
9
Let c(t) = -t**3 - 6*t**2 + 2*t + 14. Suppose -42 = 22*g - 15*g. Calculate c(g).
2
Suppose -3 = -2*r - 3*z, 5*r + 0*z + z = 14. Let s(o) = -6*o - 6 + 1 + 1 + 4 + 2. What is s(r)?
-16
Let r = 247 + -257. Let m(z) = -z**2 - 6*z + 43. Calculate m(r).
3
Suppose k - 9 = 3*o + 2*o, -4 = -o. Suppose 13*i - k = 23. Let h(a) = a**2 - 2*a - 3. What is h(i)?
5
Let o(y) = y**3 + 4*y**2 + 3*y. Suppose -5*c = -5*z - 31 - 39, z = 5*c - 34. Let q(h) = 3*h + 27. Let w be q(z). Suppose w*b - 5*b - 10 = 0. Give o(b).
2
Let b(a) be the first derivative of -5*a**3/3 - 5*a**2/2 + 4*a - 32. Let v be b(-2). Let n(l) = -3*l - 1 + 2*l + 2*l. Calculate n(v).
-7
Let z = 6 + -4. Let c(f) be the second derivative of -1/3*f**3 + 0*f**2 + 19 + 2*f. Calculate c(z).
-4
Let x be 1*(-1 - -5)*15/20. Suppose s + 2*b - 8 = -0*s, x*s - 16 = -4*b. Let p(r) = -r - 1 + 0 + 4*r**2 - 5*r**2. What is p(s)?
-1
Let a(j) be the first derivative of j**4/4 - 7*j**3/3 + 3*j**2 - 2*j + 3. Let s be 3 - (14/(-6) - (-2)/6) - -1. What is a(s)?
-2
Let c(w) be the first derivative of 6*w**2 - 17 + 12*w - 57 - 11*w. What is c(-3)?
-35
Let y(v) = 2*v + 24. Let x be y(-9). Suppose 0*j + 4*h = -j - 12, -j - 2*h = x. Let o(k) = -k**3 - k + 14. Calculate o(j).
14
Let a(j) = -j**3 + j**2 + 18*j + 5. Let p = 5210 - 5205. Give a(p).
-5
Let a(c) = -2*c**3 - 5*c**2 + c + 16*c**2 - 8*c**2 - 2. Let o(l) = -168*l - 1510. Let x be o(-9). What is a(x)?
-4
Let d(z) = -2*z + 4. Let r(j) = 3*j**2 - 9*j + 5. Let i(k) = -3*d(k) + r(k). Give i(5).
53
Let r = -2065 + 2052. Let v(k) = k**3 + 14*k**2 + 15*k + 30. Give v(r).
4
Let x be (60/5)/(-24)*64. Let b(t) = -5*t - 3. Let u be b(6). Let f = x - u. Let h(s) = 4*s**2 - s. Give h(f).
3
Let d = 552 + -557. Let v(f) = f**3 + 14*f**2 - 4*f - 16. Let i(p) = -p**3 - 16*p**2 + 4*p + 15. Let y(c) = d*v(c) - 4*i(c). Determine y(-6).
-4
Let t be 29/4 - (-2)/(-8). Suppose -191*i + 188*i + 9 = 0. Let y(x) = 3*x**i - 160 + 151 - 8*x**2 + 2*x**3 - 4*x**3 + 8*x. Calculate y(t).
-2
Let u(w) be the second derivative of -w**5/20 + w**4/12 + 5*w**3/3 - 7*w**2 + 358*w. Determine u(0).
-14
Let t(k) = 7*k - 17. Let i(j) = 3*j - 9. Let r(y) =